{"id":76,"date":"2014-08-21T14:18:24","date_gmt":"2014-08-21T12:18:24","guid":{"rendered":"http:\/\/lenz.spruck-it.de\/wordpress\/?page_id=12"},"modified":"2014-08-21T14:18:24","modified_gmt":"2014-08-21T12:18:24","slug":"impressum","status":"publish","type":"page","link":"https:\/\/lenz-metallbau.de\/?page_id=76","title":{"rendered":"Impressum"},"content":{"rendered":"<p>[et_pb_section fullwidth=&#8220;on&#8220; specialty=&#8220;off&#8220; background_color=&#8220;#666666&#8243; inner_shadow=&#8220;off&#8220; parallax=&#8220;off&#8220; parallax_method=&#8220;css&#8220;][et_pb_fullwidth_header admin_label=&#8220;Fullwidth Header&#8220; title=&#8220;Impressum&#8220; background_layout=&#8220;dark&#8220; text_orientation=&#8220;left&#8220; \/][\/et_pb_section][et_pb_section][et_pb_row][et_pb_column type=&#8220;4_4&#8243;][et_pb_text admin_label=&#8220;Text&#8220; background_layout=&#8220;light&#8220; text_orientation=&#8220;left&#8220;]<\/p>\n<p>Verantwortlich f\u00fcr den Inhalt dieser Webpr\u00e4senz ist:<\/p>\n<p><strong>Lenz Metallbau GmbH<\/strong><br \/>\nM\u00fchlweg 13<br \/>\n69469 Weinheim, Bergstr.<\/p>\n<p>Telefon: 06201-12774<br \/>\nFax: 06201-15949<br \/>\nE-Mail: <a href=\"mailto:info@lenz-metallbau.de\">info@lenz-metallbau.de<\/a><\/p>\n<p>USt.-ID.-Nr.: DE 244011030<\/p>\n<p>Registergericht Mannheim<br \/>\nHRB 1189 W<br \/>\nGesch\u00e4ftsf\u00fchrer: Mathias Lenz<\/p>\n<p>[\/et_pb_text][\/et_pb_column][\/et_pb_row][\/et_pb_section]<\/p>\n","protected":false},"excerpt":{"rendered":"<p><div class=\"et_pb_section et_pb_section_0 et_section_regular\" >\n\t\t\t\t\n\t\t\t\t\n\t\t\t\t\n\t\t\t\t\n\t\t\t\t\n\t\t\t\t\n\t\t\t\t\n\t\t\t\t\n\t\t\t\t\n\t\t\t<\/div><div class=\"et_pb_row et_pb_row_0 et_pb_row_empty\">\n\t\t\t\t\n\t\t\t\t\n\t\t\t\t\n\t\t\t\t\n\t\t\t\t\n\t\t\t<\/div> Verantwortlich f\u00fcr den Inhalt dieser Webpr\u00e4senz ist: Lenz Metallbau GmbH M\u00fchlweg 13 69469 Weinheim, Bergstr. Telefon: 06201-12774 Fax: 06201-15949 E-Mail: info@lenz-metallbau.de USt.-ID.-Nr.: DE 244011030 Registergericht Mannheim HRB 1189 W Gesch\u00e4ftsf\u00fchrer: Mathias Lenz<\/p>\n","protected":false},"author":1,"featured_media":0,"parent":0,"menu_order":0,"comment_status":"open","ping_status":"open","template":"","meta":{"_et_pb_use_builder":"on","_et_pb_old_content":"<p>Verantwortlich f\u00fcr den Inhalt dieser Webpr\u00e4senz ist:<\/p><p>Lenz Metallbau GmbH<br \/> M\u00fchlweg 13<br \/> 69469 Weinheim, Bergstr.<\/p><p>Telefon: 06201-12774<br \/> Fax: 06201-15949<br \/> E-Mail: info@lenz-metallbau.de<\/p><p>USt.-ID.-Nr.: DE 244011030<\/p><p>Registergericht Mannheim<br \/> HRB 1189 W<br \/> Gesch\u00e4ftsf\u00fchrer: Mathias Lenz<\/p>","_et_gb_content_width":"","footnotes":""},"class_list":["post-76","page","type-page","status-publish","hentry"],"_links":{"self":[{"href":"https:\/\/lenz-metallbau.de\/index.php?rest_route=\/wp\/v2\/pages\/76","targetHints":{"allow":["GET"]}}],"collection":[{"href":"https:\/\/lenz-metallbau.de\/index.php?rest_route=\/wp\/v2\/pages"}],"about":[{"href":"https:\/\/lenz-metallbau.de\/index.php?rest_route=\/wp\/v2\/types\/page"}],"author":[{"embeddable":true,"href":"https:\/\/lenz-metallbau.de\/index.php?rest_route=\/wp\/v2\/users\/1"}],"replies":[{"embeddable":true,"href":"https:\/\/lenz-metallbau.de\/index.php?rest_route=%2Fwp%2Fv2%2Fcomments&post=76"}],"version-history":[{"count":0,"href":"https:\/\/lenz-metallbau.de\/index.php?rest_route=\/wp\/v2\/pages\/76\/revisions"}],"wp:attachment":[{"href":"https:\/\/lenz-metallbau.de\/index.php?rest_route=%2Fwp%2Fv2%2Fmedia&parent=76"}],"curies":[{"name":"wp","href":"https:\/\/api.w.org\/{rel}","templated":true}]}}